{"id":15,"date":"2025-05-22T09:54:57","date_gmt":"2025-05-22T07:54:57","guid":{"rendered":"https:\/\/exo-wordpress.clementbern.art\/wordpress\/?page_id=15"},"modified":"2025-05-22T09:54:57","modified_gmt":"2025-05-22T07:54:57","slug":"a-propos","status":"publish","type":"page","link":"https:\/\/exo-wordpress.clementbern.art\/wordpress\/a-propos\/","title":{"rendered":"\u00c0 propos"},"content":{"rendered":"\n<h2 class=\"wp-block-heading\">Mon parcours<\/h2>\n\n\n\n<p>J&rsquo;ai toujours \u00e9t\u00e9 attir\u00e9 par la cr\u00e9ation sous toutes ses formes ! Pratiquant le dessin et l&rsquo;origami, j&rsquo;ai eu la chance de participer \u00e0 divers ateliers autour de la photographie, de la sc\u00e9nographie th\u00e9\u00e2trale, ou encore de la M.A.O qui m&rsquo;ont fait d\u00e9cider de partir en STD2A au lyc\u00e9e. Avant tout attir\u00e9 par le graphisme, j&rsquo;ai pu \u00e9largir mon horizon sur d&rsquo;autres champs du design et renouveler mon regard sur la cr\u00e9ation dans cette formation !<\/p>\n\n\n\n<p>Apr\u00e8s le bac en 2019, je me suis lanc\u00e9 dans un DNMADe Objet centr\u00e9 sur l&rsquo;\u00e9b\u00e9nisterie \u00e0 l&rsquo;ESAA Pierre Vernotte \u00e0 Moirans-en-Montagne (un super \u00e9tablissement d&rsquo;ailleurs !). Mais me d\u00e9couvrant un attrait plus fort pour l&rsquo;univers num\u00e9rique, j&rsquo;ai finalement d\u00e9cid\u00e9 de me r\u00e9orienter vers un DNMADe Num\u00e9rique \u00e0 la Martini\u00e8re Diderot \u00e0 Lyon. Bien que j&rsquo;utilise beaucoup d&rsquo;outils num\u00e9riques et ne cesse d&rsquo;apprendre \u00e0 m&rsquo;en servir, je garde toujours ce bagage manuel sous la main et j&rsquo;aime mixer les m\u00e9diums !<\/p>\n\n\n\n<h2 class=\"wp-block-heading\">Mes centres d&rsquo;int\u00e9r\u00eats<\/h2>\n\n\n\n<p>Aujourd&rsquo;hui, je suis en DSAA (Dipl\u00f4me Sup\u00e9rieur d&rsquo;Art Appliqu\u00e9) \u00e0 la Martini\u00e8re Diderot. Cette formation me permet d&rsquo;explorer de nombreux m\u00e9diums et propositions \u00e0 travers des projets concrets !<\/p>\n\n\n\n<p>Je m&rsquo;int\u00e9resse particuli\u00e8rement aux jeux vid\u00e9os ind\u00e9pendants qui sont pour moi une source d&rsquo;inspirations sur les plans narratifs, interactifs, sonores et visuelles. J&rsquo;aimerais me rapprocher de ce milieu de mani\u00e8re concr\u00e8te.<\/p>\n\n\n\n<p>Je compose aussi des musiques, avec l&rsquo;ambition de produire des ambiances sonores et m\u00e9lodies singuli\u00e8res et d&rsquo;exploiter mes capacit\u00e9s dans la production d&rsquo;OST (jeu, films, spectacle ou installation\u2026), je pratique notamment la synth\u00e8se de son et m&rsquo;exerce avec un Korg Modwave.<\/p>\n\n\n\n<p>Enfin, bien que je ne me consid\u00e8re pas encore expert dans ces milieux, je pratique occasionnellement l&rsquo;illustration et le d\u00e9veloppement (html, css, js, processing, unity, arduino, Touchdesigner).<\/p>\n\n\n\n<p><\/p>\n","protected":false},"excerpt":{"rendered":"<p>Mon parcours J&rsquo;ai toujours \u00e9t\u00e9 attir\u00e9 par la cr\u00e9ation sous toutes ses formes ! Pratiquant le dessin et l&rsquo;origami, j&rsquo;ai eu la chance de participer \u00e0 divers ateliers autour de la photographie, de la sc\u00e9nographie th\u00e9\u00e2trale, ou encore de la M.A.O qui m&rsquo;ont fait d\u00e9cider de partir en STD2A au lyc\u00e9e. Avant tout attir\u00e9 par [&hellip;]<\/p>\n","protected":false},"author":1,"featured_media":0,"parent":0,"menu_order":0,"comment_status":"closed","ping_status":"closed","template":"","meta":{"ub_ctt_via":"","_themeisle_gutenberg_block_has_review":false,"footnotes":""},"class_list":["post-15","page","type-page","status-publish","hentry"],"featured_image_src":null,"_links":{"self":[{"href":"https:\/\/exo-wordpress.clementbern.art\/wordpress\/wp-json\/wp\/v2\/pages\/15","targetHints":{"allow":["GET"]}}],"collection":[{"href":"https:\/\/exo-wordpress.clementbern.art\/wordpress\/wp-json\/wp\/v2\/pages"}],"about":[{"href":"https:\/\/exo-wordpress.clementbern.art\/wordpress\/wp-json\/wp\/v2\/types\/page"}],"author":[{"embeddable":true,"href":"https:\/\/exo-wordpress.clementbern.art\/wordpress\/wp-json\/wp\/v2\/users\/1"}],"replies":[{"embeddable":true,"href":"https:\/\/exo-wordpress.clementbern.art\/wordpress\/wp-json\/wp\/v2\/comments?post=15"}],"version-history":[{"count":1,"href":"https:\/\/exo-wordpress.clementbern.art\/wordpress\/wp-json\/wp\/v2\/pages\/15\/revisions"}],"predecessor-version":[{"id":16,"href":"https:\/\/exo-wordpress.clementbern.art\/wordpress\/wp-json\/wp\/v2\/pages\/15\/revisions\/16"}],"wp:attachment":[{"href":"https:\/\/exo-wordpress.clementbern.art\/wordpress\/wp-json\/wp\/v2\/media?parent=15"}],"curies":[{"name":"wp","href":"https:\/\/api.w.org\/{rel}","templated":true}]}}

À propos

<h2 class="wp-block-heading">Mon parcours</h2>



<p>J&rsquo;ai toujours été attiré par la création sous toutes ses formes ! Pratiquant le dessin et l&rsquo;origami, j&rsquo;ai eu la chance de participer à divers ateliers autour de la photographie, de la scénographie théâtrale, ou encore de la M.A.O qui m&rsquo;ont fait décider de partir en STD2A au lycée. Avant tout attiré par le graphisme, j&rsquo;ai pu élargir mon horizon sur d&rsquo;autres champs du design et renouveler mon regard sur la création dans cette formation !</p>



<p>Après le bac en 2019, je me suis lancé dans un DNMADe Objet centré sur l&rsquo;ébénisterie à l&rsquo;ESAA Pierre Vernotte à Moirans-en-Montagne (un super établissement d&rsquo;ailleurs !). Mais me découvrant un attrait plus fort pour l&rsquo;univers numérique, j&rsquo;ai finalement décidé de me réorienter vers un DNMADe Numérique à la Martinière Diderot à Lyon. Bien que j&rsquo;utilise beaucoup d&rsquo;outils numériques et ne cesse d&rsquo;apprendre à m&rsquo;en servir, je garde toujours ce bagage manuel sous la main et j&rsquo;aime mixer les médiums !</p>



<h2 class="wp-block-heading">Mes centres d&rsquo;intérêts</h2>



<p>Aujourd&rsquo;hui, je suis en DSAA (Diplôme Supérieur d&rsquo;Art Appliqué) à la Martinière Diderot. Cette formation me permet d&rsquo;explorer de nombreux médiums et propositions à travers des projets concrets !</p>



<p>Je m&rsquo;intéresse particulièrement aux jeux vidéos indépendants qui sont pour moi une source d&rsquo;inspirations sur les plans narratifs, interactifs, sonores et visuelles. J&rsquo;aimerais me rapprocher de ce milieu de manière concrète.</p>



<p>Je compose aussi des musiques, avec l&rsquo;ambition de produire des ambiances sonores et mélodies singulières et d&rsquo;exploiter mes capacités dans la production d&rsquo;OST (jeu, films, spectacle ou installation…), je pratique notamment la synthèse de son et m&rsquo;exerce avec un Korg Modwave.</p>



<p>Enfin, bien que je ne me considère pas encore expert dans ces milieux, je pratique occasionnellement l&rsquo;illustration et le développement (html, css, js, processing, unity, arduino, Touchdesigner).</p>



<p></p>

<p>Mon parcours J&rsquo;ai toujours été attiré par la création sous toutes ses formes ! Pratiquant le dessin et l&rsquo;origami, j&rsquo;ai eu la chance de participer à divers ateliers autour de la photographie, de la scénographie théâtrale, ou encore de la M.A.O qui m&rsquo;ont fait décider de partir en STD2A au lycée. Avant tout attiré par [&hellip;]</p>
